76 + 770. What are the prime factors of c?
2, 47
Let d = 146 + -80. Let z = 105 + -83. Suppose z = -4*n + d. What are the prime factors of n?
11
Suppose 3*y = -3*s + 6546, 2*s - 1411 = 3*y + 2958. List the prime factors of s.
37, 59
Let b(d) = d**2 - 15*d + 10. Suppose 0*p - p + 32 = 5*w, 0 = -2*w + 8. Let r be b(p). Let v = 78 + r. What are the prime factors of v?
2, 13
Suppose 0*g + 5*w = -g - 15, -2*g + 2 = 2*w. Suppose g*m + 464 = 4*x, 4*x + 0*m + m - 464 = 0. What are the prime factors of x?
2, 29
Let d be 1 + -3 + (4 - -72). Suppose 3*y - 266 = -d. List the prime factors of y.
2
Let o(w) = 38*w**2 + 5*w. Let r(l) = -l - 15. Let p be r(-17). What are the prime factors of o(p)?
2, 3
Let k be (-2 - (-15)/10)*-218. Let a = -45 + k. List the prime factors of a.
2
Let q be 13/(78/1412) - (-2)/3. Let z = 391 - q. List the prime factors of z.
5, 31
Suppose 5 = -o - 0*o, 0 = 4*v - 5*o - 745. Suppose -13*c = -18*c + v. List the prime factors of c.
2, 3
List the prime factors of (-1 - (-2490)/(-36))*-6.
421
Let r(k) = -8*k + 3. Suppose j - 26 = -2*i, -4*i + 3*j + 0*j + 42 = 0. Let d = 9 - i. List the prime factors of r(d).
3
Let u be (-21)/(2/2)*1. Let s = 23 + u. What are the prime factors of s?
2
Let l(m) = -37*m - 2. Let r = 10 - 13. What are the prime factors of l(r)?
109
Suppose -3*i - 207 = -6*i. Suppose 0 = 2*j - i + 5. List the prime factors of j.
2
Let l(y) = y**3 + 6*y**2 - 8*y - 9. Let x be l(-7). Let v be (-8)/(-2 - (x - -2)). What are the prime factors of -1*v/(-4) - -9?
2, 5
Suppose -5*i + 74*u = 75*u - 7480, -2*i = 5*u - 2992. List the prime factors of i.
2, 11, 17
Let a(q) = -q**3 + 24*q**2 - 10*q - 35. List the prime factors of a(12).
11, 13
Suppose -1 = q - 5. Suppose 0*k = f - 5*k - 5, q*k = 5*f - 67. What are the prime factors of f?
3, 5
Let j be (-16)/(-12)*(-6)/(-4). Suppose 3*t = -2*t - j*s + 55, 4*t + 4*s - 32 = 0. Suppose -t*r + 85 = -8*r. List the prime factors of r.
17
Suppose 4*l - 37 - 7 = -2*g, -3*g + 26 = 2*l. Suppose -2*q - 3*c = -26, 0 = -5*q + c + 116 - 34. Suppose 2*j = -l + q. What are the prime factors of j?
3
Suppose 2429 = -4*y + 8*y + q, -3*q + 1207 = 2*y. What are the prime factors of y?
2, 19
Suppose -2*z - 5774 = 1012. What are the prime factors of z/(-45) - ((-4)/(-10) + 0)?
3, 5
Let l be -1 + 2 + -1 + 3. Suppose k + 3*d - 16 = 0, 3*d = l*k - 0*d - 36. List the prime factors of k.
13
Let l be (-12)/8*(-16)/(-12). Let r be 2 + (-64 - l) - -1. What are the prime factors of (-1)/(-3) - r/3?
2, 5
Let c(p) = -p**3 - 66*p**2 + 177*p + 96. List the prime factors of c(-69).
2, 3, 19
Suppose -772 = 2*h - p - 2123, -p + 671 = h. What are the prime factors of h?
2, 337
Suppose -15*l = -2*l - 4550. What are the prime factors of l?
2, 5, 7
Suppose -4*c = -4*u + 573 + 1547, -3*u + c = -1584. List the prime factors of u.
17, 31
Suppose r = 17 + 28. Let o = 18 - r. Let d = o + 31. What are the prime factors of d?
2
Let w(n) = -n - 17. Suppose -2*b - 30 = -0*b. Let q be w(b). What are the prime factors of q*2/(16/(-76))?
19
Let m = 8951 - 3859. List the prime factors of m.
2, 19, 67
List the prime factors of (((-49880)/(-12))/10)/((-1)/(-3)).
29, 43
Suppose -3*t + 4*a - a = -6, -4*t = -a - 2. Suppose -b + 7 = 6*p - p, t = p - 5*b + 9. Suppose -h + 20 - p = 0. List the prime factors of h.
19
Let a = 488 - 276. List the prime factors of a.
2, 53
Let b(o) = 1175*o - 6. Let y be b(3). Let n be (6 - 0)/(17/y). List the prime factors of 3/15 - n/(-15).
83
Let s = 18 + -21. List the prime factors of 145/2 + s/6.
2, 3
Let q(o) = 4*o**2 + 5*o - 26. Let s be q(-8). Suppose 2*v - s - 40 = -2*d, 3*d = 4*v - 474. What are the prime factors of v?
3, 13
Let r be ((-2)/2)/(2/(-6)). Let n(l) = -l**2 - l + 2. Let a be n(-2). Suppose -v + r*v - 26 = a. List the prime factors of v.
13
What are the prime factors of 2 + -1 + -2 + 936?
5, 11, 17
Let d be (2 - 1)*0/(-3). Suppose d = 5*v - 9 - 1. Suppose -v*f + 90 = 5*g, -2*g = 4*f - 5*g - 128. List the prime factors of f.
5, 7
Let x = 249 - 82. List the prime factors of x.
167
Let k = -20 - -20. Suppose -f + 66 = -k*f. What are the prime factors of f?
2, 3, 11
Let p(t) = -t**3 - 3*t**2 - 4*t + 2. Let o be 3/(4 - 38/8). List the prime factors of p(o).
2, 17
Suppose -3*f - 2*t - 1831 = -8*f, 5*f + 5*t = 1845. What are the prime factors of f?
367
Suppose -3 = -3*g + 6. Suppose g*v - 491 = 637. List the prime factors of (-2)/(-12) - v/(-48).
2
Let p(g) = g**2 + 12*g + 9. Let f be p(-6). Let a = f - -60. List the prime factors of a.
3, 11
Suppose 3*n - 4*r - 19 = r, -5 = -5*n - 5*r. Suppose 5 = n*z - 82. What are the prime factors of z?
29
Suppose 2*m = 6*o - o, -o + 3 = -m. Let d be ((-1)/o)/((-2)/(-16)). Suppose d*w - 5*s = 13 + 26, 0 = -4*w - s + 21. What are the prime factors of w?
2, 3
Suppose 4*z = -5*h + 11329, 4*z + 5950 + 5371 = 5*h. What are the prime factors of h?
3, 5, 151
Let r(h) = 6*h**2 + 9*h - 11. What are the prime factors of r(-6)?
151
Let w = 742 - -39. What are the prime factors of w?
11, 71
Suppose -m + 3 + 4 = 0. Suppose -2*w + 55 = -m. List the prime factors of w.
31
List the prime factors of 1023/(((-12)/9)/(100/(-15))).
3, 5, 11, 31
Let v(t) = t**3 + 9*t**2 - 10*t - 6. Let h be v(-10). Let j be (8/10)/(6/(-75)). Let l = h - j. What are the prime factors of l?
2
Let p(h) = h**2 + 10*h + 7. Let k be p(-11). List the prime factors of k - -3 - (-1 + -1).
23
Let o = 44 + 146. What are the prime factors of (-2)/4*6/(-3)*o?
2, 5, 19
Let n(w) = 57*w + 308. List the prime factors of n(22).
2, 11, 71
Let h(r) = r + 4. Let t be h(0). Let b be (0 - -1)*16/t. Suppose -4*w + 137 = -3*f, b*f = -4*w + 2*f + 162. List the prime factors of w.
2, 19
List the prime factors of -3*(2980/(-12) - 0).
5, 149
Let i(m) = m**2 + 3*m + 7. Let l(z) = -3*z**2 + 5*z - 4. Let y be l(2). Let a(d) = d**3 + 5*d**2 - 6*d - 4. Let k be a(y). List the prime factors of i(k).
11
Let j be 0 + 3 - (0 + (-3 - -4)). Suppose -4*q = -3*k - 948, -32 = 4*q - j*k - 980. What are the prime factors of q?
3, 79
Suppose 0*j - 60 = -4*j. Suppose 0 = -6*v + 3*v - j. Let c = 7 - v. List the prime factors of c.
2, 3
Suppose 0 = -2*x - 3*y + 5520 + 2282, -5*y + 11703 = 3*x. List the prime factors of x.
47, 83
Let h = -17 + 40. Suppose 20*k + 369 = h*k. List the prime factors of k.
3, 41
Let d(n) = -133*n**3 + 2*n**2 + 2*n + 18. What are the prime factors of d(-3)?
3, 17, 71
What are the prime factors of 12054/7 - (1 - (-3 - -1))?
3, 191
Suppose -9*r + 4389 = -2118. What are the prime factors of r?
3, 241
Let x be (3 - 3) + 19 + 3. Let p = x - 3. Suppose -5*z - 4 = -p. List the prime factors of z.
3
Suppose -4*c + 7*g = -16746, -10*c + 5*c = 2*g - 20954. What are the prime factors of c?
2, 5, 419
Let p be ((-12)/8)/(6/8). Let f be ((p - -6)/2)/(-1). List the prime factors of 3 + (-1 - -3) + f.
3
Suppose -27*v + 2*v + 21875 = 0. What are the prime factors of v?
5, 7
Let h be 5/(15/9) - 1. Let f(p) = 13*p**2 + p + 12*p**2 + 1 + p**h. What are the prime factors of f(-1)?
2, 13
Let s be 14/4 - 9/18. Suppose 0 = s*t - 38 + 5. List the prime factors of t.
11
Let b(c) = 3*c**3 - 10*c**2 + 3. Let n be (5/2)/(10/20). What are the prime factors of b(n)?
2
Let m = -3 + 7. Let g = 21 - m. Let y = -11 + g. List the prime factors of y.
2, 3
Let r(l) = l + 26. Let p be r(0). Let w = 24 - p. List the prime factors of w/(-3) - 127/(-3).
43
Let h(m) = m**2 + 9*m - 5. Let z be h(-10). Suppose 5*v - 440 = -5*w - 95, -5*v + z*w + 295 = 0. What are the prime factors of v?
2
Suppose 904 = -2*k - 2*k. Let m be k/8 + 30/(-40). Let q = 6 - m. What are the prime factors of q?
5, 7
Let o(w) = -w**3 + 16*w**2 - 10*w - 25. What are the prime factors of o(14)?
227
Suppose -4*r - 2*d + 48 = 0, -r - r + 36 = -2*d. What are the prime factors of 959/r + (-10)/4?
2, 3, 11
Let q be ((-6)/3)/(2/(-1)). Let v(f) = 8*f**2 - 2*f + 1. Let o(u) = u**2. Let g(y) = q*v(y) + 2*o(y). List the prime factors of g(2).
37
Let a = 1999 + -365. What are the prime factors of a?
2, 19, 43
Suppose 8*r + 25 = 3*r, -111 = -2*l - 5*r. Suppose -8*b + 4*b = -l. What are the prime factors of b?
17
Let l = -17 - -14. Let i = l - -6. Suppose -5*y + 4*w + 189 = 0, -3*w - 115 = -i*y - w. What are the prime factors of y?
41
Let y(i) = -7*i**3 + 4*i**3 - 14 - 3 - 12*i**2 - 13*i + 2*i**3. What are